st the prime factors of (-1 + -2 - s) + 55.
2, 13
Let z(p) = 151*p**2 + 2*p - 6. What are the prime factors of z(2)?
2, 7, 43
Suppose 2*s = 5*b + 20, 4*b = -2*s - 6 - 10. Suppose 0 = 4*a - w - w - 106, 3*w - 9 = s. What are the prime factors of a?
2, 7
Let d(s) = 23*s + 41. Let t be (-156)/(-48) + (-3)/(-4). List the prime factors of d(t).
7, 19
Suppose -3*x - 10 + 19 = 0. Let h = -5 - x. List the prime factors of (-14)/(-5)*(-120)/h.
2, 3, 7
Let r(z) = -z + 21. Let n be r(18). List the prime factors of (106/n)/((-8)/(-6) + -1).
2, 53
Suppose 0 = -h, 4*h - 112 = -4*q - 0*h. What are the prime factors of q?
2, 7
Let f be -2 - 8/12*-15. Let a be f/10 + (-216)/20. What are the prime factors of ((-8)/a)/((-8)/(-20))?
2
Suppose 0 = 2*f - 0*f + g + 74, 37 = -f + 4*g. Let o = 80 + f. What are the prime factors of o?
43
Let d = 201 + -67. Let s = -65 + d. List the prime factors of s.
3, 23
Suppose 38 = 4*c + 6. Let o(k) = 3*k**2 - 9*k**2 - 4 + c*k**2 + 3*k. What are the prime factors of o(-6)?
2, 5
Let h be -2*(-10)/4 + -2. Suppose 4 = 4*d - 4. Suppose d*i - 179 = -5*k, -5*k + 2*i - h*i = -177. List the prime factors of k.
5, 7
Let h be -1 + 37 - (-1 - -2). Suppose 2*u - 3*u = -h. What are the prime factors of u?
5, 7
Let m(j) = -j**3 - 14*j**2 + j + 18. Let r be m(-14). Suppose -4*t + 12 = 0, 3*t - 82 = -r*h + t. What are the prime factors of h?
19
Suppose 153 = 13*a - 10*a. Suppose -3*x + 33 = -6*x. Let m = x + a. List the prime factors of m.
2, 5
Let d(g) = -g**2 - 9*g - 7. Let h(m) = 3*m - 6. Let b be h(1). List the prime factors of d(b).
11
Suppose -11*d + 17 = -82. Suppose -d*t + 2069 = 584. What are the prime factors of t?
3, 5, 11
Let r(z) = 10*z - 6. Suppose -n = n + 4*a - 20, 0 = a - 3. Let u be r(n). Suppose -2*o + 38 = -u. List the prime factors of o.
2, 3
Let m be (-72)/(-6)*4/(-6). Let p be m/(1 + -2 - 1). Suppose -61 = -p*x + 47. What are the prime factors of x?
3
Let c = 900 - -74. What are the prime factors of c?
2, 487
Suppose 0 = 5*t - 5*n + 5, 4*t = -n - n - 34. Let g = 6 + t. Suppose -c - c + 84 = g. What are the prime factors of c?
2, 3, 7
Let x(w) = w**2 + 5*w. Let b be x(-6). Let a be 0 - (-12)/(b + -3). Suppose a*p = 7*p - 54. List the prime factors of p.
2, 3
Let p be 6*((-8)/(-6))/(-2). List the prime factors of 101 + (-4 - -3)*p.
3, 5, 7
Let m(t) = 58*t + 126. List the prime factors of m(28).
2, 5, 7
Suppose 2*z - 3*t + 1 + 3 = 0, 0 = 5*t + 20. Let o(l) = -6*l + l - 9 + 0*l. What are the prime factors of o(z)?
31
Let a(i) = i**2 - 9. List the prime factors of a(-7).
2, 5
What are the prime factors of (-862)/(-2) + -5 + -1?
5, 17
List the prime factors of 41*(-8)/((-32)/28).
7, 41
Let i be (9/(-12))/(-2*(-2)/(-640)). Suppose -c = -i - 33. List the prime factors of c.
3, 17
Let p(o) = -17 - 19*o**2 - 3*o + 11 + 10 - o**3. What are the prime factors of p(-19)?
61
Let d(k) = 4*k**2 - k + 1. Let o(z) = -z**2 - 4*z + 1. Let l be o(-4). Let v(y) = 2*y + 1. Let a be v(l). List the prime factors of d(a).
2, 17
Let f be 4/6 + 10/(-6). Let j be f/(1 - 8/6). Suppose j*d - 5*r = -0*d - 19, -d - 3*r = -17. List the prime factors of d.
2
Let z(h) = -5*h - 28. Let r(j) = 2*j + 9. Let k(s) = 8*r(s) + 3*z(s). What are the prime factors of k(20)?
2
Let f = 26 - 14. Suppose f*x - 140 = 14*x. Let a = -41 - x. List the prime factors of a.
29
Suppose -5*i + 19 + 271 = 0. What are the prime factors of i?
2, 29
Suppose w + 5*p = -13, 4*w - p + 4 = 15. Suppose -w*q - 3*q = 180. What are the prime factors of (q/(-14))/((-13)/(-91))?
2, 3
Suppose 27931 = 17*h - 1326. What are the prime factors of h?
1721
Suppose -j - j = 2*g - 4700, 2*j - 4706 = -4*g. List the prime factors of j.
2347
Let r = -122 - -56. Suppose -4*q - 178 = -2*c - 0*c, 4*q + 5*c = -143. Let s = q - r. What are the prime factors of s?
2, 3
Let a be 2/9 - 3/((-54)/(-400)). List the prime factors of (-2761)/a + (-2)/(-4).
2, 3, 7
Let a be (-46)/(-115) + 13/5. Let z(q) = q + 9. Let i be z(-7). Suppose -4*p - i*m + 34 = -0*m, -p = -a*m + 2. List the prime factors of p.
7
Let p be 5*4*3/4. Suppose 4*q + 3 = p. Suppose q*j - 31 = -5*o, 5*j - 3*o + 1 = -4. List the prime factors of j.
2
Suppose q + 63 = 1607. What are the prime factors of q?
2, 193
List the prime factors of (-1 + 2/8)*(-2659 + 203).
2, 3, 307
Suppose 3*y = 6*y - 12. Suppose 22 = 6*z - y*z. List the prime factors of z.
11
Suppose 20 = -f + b, -f + 2*b + 14 = 38. Let u(h) = -h**3 - 15*h**2 + 13*h + 35. List the prime factors of u(f).
83
Let d(i) = 5*i + 16. Let t be d(7). Suppose 0 = 3*p + t - 186. List the prime factors of p.
3, 5
Let t(f) = 2*f + 2. Let g be t(4). Let a = -10 + g. Suppose 48 = c + 5*w, a = -c + 4*c + 3*w - 108. List the prime factors of c.
3, 11
Let a = -584 + 931. List the prime factors of a.
347
List the prime factors of 4 + (-15)/5 + 72 + -5.
2, 17
Let d be 6/(-9)*3/(-2). What are the prime factors of 7/28*284/d?
71
Let w(c) = 68*c - 24. Let l be 2/(-7) - (-46)/14. What are the prime factors of w(l)?
2, 3, 5
Suppose j + 5*i - 4 = 0, -2*j - i + 5*i = 48. List the prime factors of 39/12 + -3 - 2076/j.
2, 5, 13
What are the prime factors of ((-1178)/(-57))/((-2)/(-54))?
2, 3, 31
Let r be (-2)/(-6) + -4 + 4/(-12). Let g(c) = 4*c**2 + 5*c + 17. List the prime factors of g(r).
61
Let v(y) be the second derivative of -13*y**3/2 + 6*y**2 + 6*y. List the prime factors of v(-2).
2, 3, 5
Let o = 6 - 4. Suppose 3 = -o*u + 7. What are the prime factors of 1/u*2*19?
19
Let z(a) = a + 9. Let b(h) = -h - 2. Let m be b(4). Let u be z(m). Suppose 2*f - 57 = -u*f + c, -5*c = f - 1. List the prime factors of f.
11
Let f be -18*14/105*40/6. List the prime factors of (2 + f/6)/(20/(-1590)).
53
Let g(p) = p**2 + p - 3. Let f be g(2). Suppose 4*v = 4*a, -f*v = -a + 5*a - 21. List the prime factors of a.
3
Let s = 2642 - 1670. What are the prime factors of s?
2, 3
Let i(y) = 4*y**2 - 35*y - 2. Let u(p) = -4*p**2 + 36*p + 3. Let t(c) = 4*i(c) + 3*u(c). What are the prime factors of t(13)?
3, 29
What are the prime factors of (-3 + -4 - -2212)/1?
3, 5, 7
Suppose -1433 = -16*i + 17751. What are the prime factors of i?
11, 109
Suppose -v = 2*b - 1203, 0*v - 3623 = -3*v + b. What are the prime factors of v?
17, 71
Suppose 2*y = -0*y - 4*u - 210, -u + 96 = -y. Let s = y + 245. List the prime factors of s.
2, 73
Let n be (-7)/(56/(-12))*6. Let a(g) = -g**2 + 13*g - 13. What are the prime factors of a(n)?
23
Let j(w) = 2*w + 31. Let t be j(-18). Let x(k) = -k. Let h(f) = f**2 + 8*f - 6. Let n(i) = -h(i) + 2*x(i). What are the prime factors of n(t)?
31
Suppose -2889 = 9*w - 14751. What are the prime factors of w?
2, 659
Let v = 6078 - 3367. List the prime factors of v.
2711
Let a(d) = d**2 + 4*d + 16. Let v(i) = -i**2 - i + 1. Let j(w) = -a(w) - 2*v(w). List the prime factors of j(8).
2, 3, 5
List the prime factors of (-4)/(-2) + (8 - -1505).
3, 5, 101
Let r be (6/10)/(8/120). Let g(k) = -k**2 + 14*k + 23. What are the prime factors of g(r)?
2, 17
List the prime factors of (-15 - (-1474)/11)*(0 - -1).
7, 17
Let v = 41 + -41. Suppose v = 47*k - 42*k - 655. What are the prime factors of k?
131
Let c(a) = -a**2 + 5*a + 8. Let r be c(6). Suppose 4*f - r*q = 46, 2 = -q - q. Suppose 38 - f = 3*m. List the prime factors of m.
3
Let x(n) = n**3 + 10*n**2 - 12*n - 20. Let g(h) = h**2 + 10*h - 1. Let f be g(-9). List the prime factors of x(f).
2, 5
List the prime factors of -3 + (-5)/(20/(-5664)).
3, 157
Let b = -58 - -554. What are the prime factors of b?
2, 31
Let s = 10 + -16. What are the prime factors of (11 - 32)*20/s?
2, 5, 7
Let z be 21/(-14) - 9/(-2). Suppose w + z*w - 12 = 0. Suppose -8 = -3*y - a, w*y = a + 6 - 2. List the prime factors of y.
2
Let b(n) = -88*n - 47. What are the prime factors of b(-19)?
5, 13
Let c(j) = 688*j**2 + 13*j + 3. What are the prime factors of c(1)?
2, 11
Let f = -36 + 39. Suppose h + f*h - 3*d = 22, -d = -2. List the prime factors of h.
7
Suppose 14*l = 15*l - 3. Suppose l = 3*p, 29 = 2*v - 4*p - 77. What are the prime factors of v?
5, 11
Let h(b) = b**3 + 7*b**2 - b - 5. Let g be h(-7). Suppose 3*d - 2 = g*d. Suppose -15 = -2*r + d*s - 3, 2*r - 16 = 4*s. What are the prime factors of r?
2
Suppose 113*r + 4480 = 118*r. What are the prime factors of r?
2, 7
Let p = 43 - 41. Let w(x) = 16*x**2 + 5*x - 1. Li